rs of 511193?
511193
List the prime factors of 748768.
2, 23399
List the prime factors of 11993001.
3, 31, 43, 2999
What are the prime factors of 32884560?
2, 3, 5, 45673
What are the prime factors of 5968852?
2, 1492213
List the prime factors of 9909802.
2, 7, 199, 3557
List the prime factors of 19352658.
2, 3, 13, 227, 1093
What are the prime factors of 6708090?
2, 3, 5, 31, 7213
What are the prime factors of 2367709?
17, 41, 43, 79
What are the prime factors of 17769580?
2, 5, 888479
What are the prime factors of 3275880?
2, 3, 5, 27299
What are the prime factors of 939840?
2, 3, 5, 11, 89
What are the prime factors of 352515?
3, 5, 71, 331
What are the prime factors of 1385255?
5, 277051
What are the prime factors of 229585?
5, 17, 37, 73
What are the prime factors of 583948?
2, 145987
List the prime factors of 165302.
2, 82651
List the prime factors of 1078298.
2, 13, 67, 619
What are the prime factors of 2518035?
3, 5, 13, 37, 349
List the prime factors of 12543769.
7, 1791967
List the prime factors of 3862811.
3862811
What are the prime factors of 8074818?
2, 3, 29, 31, 499
List the prime factors of 435441.
3, 173, 839
What are the prime factors of 1110969?
3, 23, 1789
What are the prime factors of 3356350?
2, 5, 19, 3533
What are the prime factors of 6661251?
3, 246713
What are the prime factors of 214753?
7, 11, 2789
What are the prime factors of 111855?
3, 5, 7457
What are the prime factors of 2406696?
2, 3, 100279
What are the prime factors of 4484?
2, 19, 59
What are the prime factors of 4527382?
2, 2263691
List the prime factors of 3500524.
2, 179, 4889
List the prime factors of 9220566.
2, 3, 131, 11731
List the prime factors of 1002643.
17, 58979
What are the prime factors of 587212?
2, 73, 2011
List the prime factors of 396873.
3, 14699
List the prime factors of 977884.
2, 244471
List the prime factors of 2030145.
3, 5, 13, 29, 359
List the prime factors of 1642924.
2, 410731
List the prime factors of 85936.
2, 41, 131
What are the prime factors of 4970601?
3, 79, 6991
What are the prime factors of 2173934?
2, 7, 3169
What are the prime factors of 118098?
2, 3
List the prime factors of 203978.
2, 79, 1291
List the prime factors of 52023.
3, 17341
List the prime factors of 18748867.
1303, 14389
List the prime factors of 287820.
2, 3, 5, 13, 41
List the prime factors of 1065924.
2, 3, 29, 1021
What are the prime factors of 6762260?
2, 5, 17, 19889
List the prime factors of 25490793.
3, 139, 61129
List the prime factors of 259154.
2, 7, 107, 173
List the prime factors of 1079648.
2, 33739
What are the prime factors of 81858?
2, 3, 7, 1949
List the prime factors of 3850204.
2, 83, 11597
List the prime factors of 8805576.
2, 3, 13, 167
List the prime factors of 9270981.
3, 29, 35521
List the prime factors of 2380515.
3, 5, 151, 1051
What are the prime factors of 353146?
2, 176573
List the prime factors of 8353446.
2, 3, 31, 97, 463
List the prime factors of 4174895.
5, 37, 22567
List the prime factors of 609379.
609379
What are the prime factors of 706544?
2, 44159
What are the prime factors of 275650?
2, 5, 37, 149
List the prime factors of 146043.
3, 601
What are the prime factors of 937188?
2, 3, 7, 3719
What are the prime factors of 524676?
2, 3, 23, 1901
List the prime factors of 272215.
5, 54443
What are the prime factors of 1523288?
2, 13, 97, 151
List the prime factors of 1001699.
19, 52721
What are the prime factors of 226178?
2, 113089
What are the prime factors of 32258421?
3, 13, 293, 941
List the prime factors of 1532268.
2, 3, 31, 1373
What are the prime factors of 54962?
2, 27481
List the prime factors of 36623419.
7, 5231917
What are the prime factors of 23499490?
2, 5, 7, 389, 863
What are the prime factors of 2017428?
2, 3, 7, 47, 73
List the prime factors of 205691.
103, 1997
What are the prime factors of 10796523?
3, 3598841
What are the prime factors of 1196424?
2, 3, 29, 191
What are the prime factors of 2536917?
3, 347, 2437
What are the prime factors of 488113?
157, 3109
What are the prime factors of 13092199?
31, 107, 3947
What are the prime factors of 17772005?
5, 3554401
List the prime factors of 1586627.
7, 17, 67, 199
What are the prime factors of 33569783?
13, 127, 20333
What are the prime factors of 8562681?
3, 73, 13033
List the prime factors of 115991.
17, 6823
List the prime factors of 1339506.
2, 3, 7, 10631
What are the prime factors of 286058?
2, 281, 509
What are the prime factors of 338573?
338573
List the prime factors of 1335961.
11, 61, 181
List the prime factors of 1739715.
3, 5, 115981
What are the prime factors of 35458?
2, 17729
What are the prime factors of 90291?
3, 30097
List the prime factors of 63415.
5, 11, 1153
What are the prime factors of 332121?
3, 149, 743
List the prime factors of 88754.
2, 199, 223
What are the prime factors of 664669?
664669
What are the prime factors of 16858761?
3, 31, 181277
List the prime factors of 2777344.
2, 19, 571
List the prime factors of 2522511.
3, 17, 16487
List the prime factors of 55769.
7, 31, 257
List the prime factors of 638186.
2, 319093
List the prime factors of 12493390.
2, 5, 7, 13, 13729
List the prime factors of 115072.
2, 29, 31
List the prime factors of 2272.
2, 71
What are the prime factors of 2490758?
2, 1245379
List the prime factors of 4220327.
4220327
What are the prime factors of 353133?
3, 11, 29, 41
What are the prime factors of 1774392?
2, 3, 17, 4349
List the prime factors of 32439023.
19, 29, 113, 521
List the prime factors of 2936366.
2, 29, 50627
What are the prime factors of 352603?
503, 701
What are the prime factors of 7958359?
19, 418861
List the prime factors of 503534.
2, 223, 1129
List the prime factors of 271995.
3, 5, 18133
List the prime factors of 2650657.
17, 155921
What are the prime factors of 61401?
3, 97, 211
List the prime factors of 12894054.
2, 3, 227, 9467
What are the prime factors of 2366542?
2, 1183271
What are the prime factors of 1123558?
2, 337, 1667
What are the prime factors of 710049?
3, 19, 12457
List the prime factors of 1069841.
31, 34511
List the prime factors of 241019.
29, 8311
What are the prime factors of 33210839?
73, 454943
List the prime factors of 347596.
2, 67, 1297
What are the prime factors of 373196?
2, 79, 1181
List the prime factors of 1101426.
2, 3, 183571
List the prime factors of 504323.
504323
What are the prime factors of 114490?
2, 5, 107
List the prime factors of 3928557.
3, 139, 9421
List the prime factors of 3880987.
11, 352817
What are the prime factors of 8610359?
8610359
List the prime factors of 2921082.
2, 3, 71, 6857
List the prime factors of 227813.
409, 557
List the prime factors of 9151175.
5, 11, 107, 311
List the prime factors of 13465568.
2, 420799
List the prime factors of 3839651.
3839651
List the prime factors of 18542979.
3, 7, 13, 7547
List the prime factors of 527717.
73, 7229
What are the prime factors of 4407948?
2, 3, 122443
List the prime factors of 105763.
7, 29, 521
List the prime factors of 1945865.
5, 389173
What are the prime factors of 160006?
2, 7, 11, 1039
List the prime factors of 50605.
5, 29, 349
What are the prime factors of 15350387?
13, 1180799
List the prime factors of 1872042.
2, 3, 312007
List the prime factors of 735654.
2, 3, 122609
List the prime factors of 3649284.
2, 3, 167, 607
What are the prime factors of 2498776?
2, 7, 44621
List the prime factors of 2101131.
3, 157, 1487
List the prime factors of 73124.
2, 101, 181
List the prime factors of 1688314.
2, 844157
List the prime factors of 2680399.
2680399
List the prime factors of 1496223.
3, 166247
What are the prime factors of 200962?
2, 89, 1129
List the prime factors of 4597639.
19, 241981
What are the prime factors of 804715?
5, 227, 709
What are the prime factors of 204901?
17, 709
List the prime factors of 57589.
7, 19, 433
List the prime factors of 1492502.
2, 11, 179, 379
What are the prime factors of 41224160?
2, 5, 101, 2551
What are the prime factors of 89283?
3, 29761
List the prime factors of 9238695.
3, 5, 53, 11621
List the prime factors of 1361684.
2, 47, 7243
List the prime factors of 3716684.
2, 929171
What are the prime factors of 31573068?
2, 3, 269, 9781
What are the prime factors of 4677713?
4677713
List the prime factors of 18667999.
7, 223,